{"id":2453,"date":"2018-08-28T14:19:06","date_gmt":"2018-08-28T13:19:06","guid":{"rendered":"http:\/\/www.ksw-tae.pl\/?page_id=2453"},"modified":"2018-08-28T14:24:05","modified_gmt":"2018-08-28T13:24:05","slug":"rodo","status":"publish","type":"page","link":"https:\/\/www.ksw-tae.pl\/?page_id=2453","title":{"rendered":"RODO"},"content":{"rendered":"<p>W zwi\u0105zku z wej\u015bciem w \u017cycie \u2013 w dniu 25 maja 2018 r. \u2013 rozporz\u0105dzenia Parlamentu Europejskiego i Rady (UE) 2016\/679 z dnia 27 kwietnia 2016 r. w sprawie ochrony os\u00f3b fizycznych w zwi\u0105zku z przetwarzaniem danych osobowych i w sprawie swobodnego przep\u0142ywu takich danych oraz uchylenia dyrektywy 95\/46\/WE (og\u00f3lne rozporz\u0105dzenie o ochronie danych) oraz tre\u015bci\u0105 art. 13 ust 1 i 2 (zwanym w dalszym ci\u0105gu niniejszej informacji rozporz\u0105dzeniem RODO) przekazujemy informacj\u0119 w jaki spos\u00f3b przetwarzamy dane osobowe.<\/p>\n<ol>\n<li>Klub Sport\u00f3w Walki TAE, G\u00f3rki, ul. Nadrzeczna 21, 05-311 D\u0119be Wielkie przetwarza dane osobowe w zwi\u0105zku uczestnictwem na zaj\u0119cia sportowe, zawody sportowe, obozy oraz wszelkie imprezy sportowe organizowane przez KSW TAE.<\/li>\n<li>Administratorem danych osobowych jest Prezes KSW TAE, Bart\u0142omiej Turczy\u0144ski.<\/li>\n<\/ol>\n<p>Administrator danych informuje, \u017ce:<\/p>\n<ol>\n<li>Przetwarzanie przez KSW TAE dane osobowe os\u00f3b uczestnicz\u0105cych lub maj\u0105cych zamiar uczestniczy\u0107 w zaj\u0119ciach pochodz\u0105 wy\u0142\u0105cznie od os\u00f3b, kt\u00f3rych dotycz\u0105;<\/li>\n<li>Podanie danych osobowych jest dobrowolne, lecz niezb\u0119dne do uczestnictwa w zaj\u0119ciach prowadzonych przez KSW TAE. Niepodanie danych osobowych uniemo\u017cliwia uczestnictwo w zaj\u0119ciach prowadzonych przez KSW TAE. \u017b\u0105danie ograniczenia przetwarzania danych osobowych albo ich usuni\u0119cia jest r\u00f3wnoznaczne z rezygnacj\u0105 uczestnictwa w zaj\u0119ciach.<\/li>\n<li>Kontakt z Administratorem danych osobowych jest mo\u017cliwy za po\u015brednictwem adresu email: bartlomiej.turczynski@wp.pl<\/li>\n<li>Dane osobowe:\n<ol>\n<li>podane w deklaracji cz\u0142onkowskiej lub p\u00f3\u017aniej (na przyk\u0142ad poczt\u0105 elektroniczn\u0105), s\u0105 przetwarzane na podstawie art. 6 ust. 1 lit. B i f RODO,<\/li>\n<li>przetwarzane s\u0105 wy\u0142\u0105cznie w celach zwi\u0105zanych z przynale\u017cno\u015bci\u0105 do Klubu Sport\u00f3w Walki TAE wynikaj\u0105cych z prawnie uzasadnionych interes\u00f3w realizowanych przez Administratora,<\/li>\n<li>b\u0119d\u0105 przechowywane, przez okres uczestniczenia w zaj\u0119ciach prowadzonych przez KSW TAE, a tak\u017ce w czasie p\u00f3\u017aniejszym, zgodnie z przepisami prawa, a w przypadku prawnie usprawiedliwionych cel\u00f3w Administratora \u2013 przez czas ich realizacji,<\/li>\n<li>nie s\u0105 przetwarzane w formie profilowania analitycznego, sprzeda\u017cowego ani te\u017c jakichkolwiek pomiar\u00f3w,<\/li>\n<li>nie s\u0105 przekazywane \u017cadnym innym podmiotom;<\/li>\n<\/ol>\n<\/li>\n<li>Prawa os\u00f3b, kt\u00f3rych dane przetwarzamy (Art. 16-21 RODO).<\/li>\n<\/ol>\n<p>Maj\u0105 Pa\u0144stwo prawo do z\u0142o\u017cenia wniosku (poczt\u0105, poczt\u0105 elektroniczn\u0105) o:<\/p>\n<ol>\n<li>sprostowanie danych,<\/li>\n<li>usuni\u0119cie danych, ograniczenie przetwarzania \u2013 wi\u0105\u017ce si\u0119 to r\u00f3wnie\u017c z automatyczn\u0105 rezygnacj\u0105 uczestnictwa w zaj\u0119ciach prowadzonych przez KSW-TAE<\/li>\n<li>dost\u0119p do danych \u2013 informacje o przetwarzanych danych oraz o ich kopi\u0119<\/li>\n<li>przeniesienie danych (w zakresie okre\u015blonym w Art. 20 RODO)<\/li>\n<\/ol>\n<ol>\n<li>Maj\u0105 Pa\u0144stwo prawo wnie\u015b\u0107 skarg\u0119 do Prezesa Urz\u0119du Ochrony Danych Osobowych, je\u015bli uznaj\u0105 Pa\u0144stwo, \u017ce przetwarzanie Pa\u0144stwa danych osobowych narusza prze[osy prawa.<\/li>\n<\/ol>\n","protected":false},"excerpt":{"rendered":"<p>W zwi\u0105zku z wej\u015bciem w \u017cycie \u2013 w dniu 25 maja 2018 r. \u2013 rozporz\u0105dzenia Parlamentu Europejskiego i Rady (UE) 2016\/679 z dnia 27 kwietnia 2016 r. w sprawie ochrony os\u00f3b fizycznych w zwi\u0105zku z przetwarzaniem danych osobowych i w&#8230;<br \/><a class=\"read-more-button\" href=\"https:\/\/www.ksw-tae.pl\/?page_id=2453\">Read more<\/a><\/p>\n","protected":false},"author":1,"featured_media":0,"parent":0,"menu_order":9,"comment_status":"closed","ping_status":"closed","template":"","meta":{"om_disable_all_campaigns":false,"_monsterinsights_skip_tracking":false,"_monsterinsights_sitenote_active":false,"_monsterinsights_sitenote_note":"","_monsterinsights_sitenote_category":0,"footnotes":""},"class_list":["post-2453","page","type-page","status-publish","hentry"],"aioseo_notices":[],"_links":{"self":[{"href":"https:\/\/www.ksw-tae.pl\/index.php?rest_route=\/wp\/v2\/pages\/2453","targetHints":{"allow":["GET"]}}],"collection":[{"href":"https:\/\/www.ksw-tae.pl\/index.php?rest_route=\/wp\/v2\/pages"}],"about":[{"href":"https:\/\/www.ksw-tae.pl\/index.php?rest_route=\/wp\/v2\/types\/page"}],"author":[{"embeddable":true,"href":"https:\/\/www.ksw-tae.pl\/index.php?rest_route=\/wp\/v2\/users\/1"}],"replies":[{"embeddable":true,"href":"https:\/\/www.ksw-tae.pl\/index.php?rest_route=%2Fwp%2Fv2%2Fcomments&post=2453"}],"version-history":[{"count":3,"href":"https:\/\/www.ksw-tae.pl\/index.php?rest_route=\/wp\/v2\/pages\/2453\/revisions"}],"predecessor-version":[{"id":2457,"href":"https:\/\/www.ksw-tae.pl\/index.php?rest_route=\/wp\/v2\/pages\/2453\/revisions\/2457"}],"wp:attachment":[{"href":"https:\/\/www.ksw-tae.pl\/index.php?rest_route=%2Fwp%2Fv2%2Fmedia&parent=2453"}],"curies":[{"name":"wp","href":"https:\/\/api.w.org\/{rel}","templated":true}]}}