{"id":2101,"date":"2017-08-30T21:39:54","date_gmt":"2017-08-30T20:39:54","guid":{"rendered":"http:\/\/www.ksw-tae.pl\/?page_id=2101"},"modified":"2020-09-05T21:08:32","modified_gmt":"2020-09-05T20:08:32","slug":"trenuj-u-nas","status":"publish","type":"page","link":"https:\/\/www.ksw-tae.pl\/?page_id=2101","title":{"rendered":"Historia i Dzia\u0142alno\u015b\u0107"},"content":{"rendered":"<p>Klub Sport\u00f3w Walki TAE za\u0142o\u017cony zosta\u0142 w 2009 roku przez Trenera Bart\u0142omieja Turczy\u0144skiego\u00a0 w Sulej\u00f3wku, Warszawie i Halinowie. Pierwsze zaj\u0119cia odbywa\u0142y si\u0119 w Zespole Szk\u00f3\u0142 nr 1 w Sulej\u00f3wku oraz w Gimnazjum 81 na Bemowie. Na pierwszych treningach uczestniczy\u0142o po kilka os\u00f3b. Z czasem sekcje rozrasta\u0142y si\u0119, nowych uczestnik\u00f3w zaj\u0119\u0107 przybywa\u0142o. W 2014 roku powsta\u0142a g\u0142\u00f3wna siedziba Klubu Sport\u00f3w Wali Tae w Sulej\u00f3wku przy ul. Bema 13.<\/p>\n<p>Jeste\u015bmy lud\u017ami\u00a0 pasj\u0105 do sportu kt\u00f3r\u0105 staramy si\u0119 zara\u017ca\u0107 innych. Profesjonalnie podchodzimy do Naszej pracy szkoleniowej. Uko\u0144czyli\u015bmy Akademi\u0119 Wychowania Fizycznego ,a tak\u017ce liczne kursy doskonal\u0105ce nasz warsztat pracy. Posiadamy <strong>wykszta\u0142cenie pedagogiczne, kt\u00f3re pozwala na prowadzenie kompleksowego systemu szkolenia dzieci i m\u0142odzie\u017cy.<\/strong><\/p>\n<p>Klub nie tylko aktywnie uczestniczy\u00a0 w szkoleniu sportowym swoich podopiecznych ale r\u00f3wnie\u017c bierze udzia\u0142 w r\u00f3\u017cnego rodzaju imprezach sportowych ( zawodach, pokazach, galach ). Organizujemy rokrocznie zimowe i letnie obozy sportowe ze zgod\u0105 Kuratorium O\u015bwiaty. Przez te kilka lat dzia\u0142alno\u015bci uczestnicy naszych zaj\u0119\u0107 zdobyli liczne tytu\u0142y Mistrz\u00f3w Polski,Europy i \u015awiata w Taekwondo i Kickboxingu.<\/p>\n<p>Klub jest cz\u0142onkiem Polskiego Zwi\u0105zku Taekwondo Olimpijskiego PZTO oraz Polskiego Zwi\u0105zku Kickboxingu PZKB.<\/p>\n<p>Naszym celem wiod\u0105cym jest propagowanie zdrowego sportowego stylu \u017cycia wolnego od na\u0142og\u00f3w. Przeciwdzia\u0142amy patologiom spo\u0142ecznym bior\u0105c udzia\u0142 w r\u00f3\u017cnego rodzaju akcjach. Wsp\u00f3\u0142pracujemy z wieloma instytucjami i firmami kt\u00f3re wspieraj\u0105 nasze szeroko rozumiane dzia\u0142ania.<\/p>\n","protected":false},"excerpt":{"rendered":"<p>Klub Sport\u00f3w Walki TAE za\u0142o\u017cony zosta\u0142 w 2009 roku przez Trenera Bart\u0142omieja Turczy\u0144skiego\u00a0 w Sulej\u00f3wku, Warszawie i Halinowie. Pierwsze zaj\u0119cia odbywa\u0142y si\u0119 w Zespole Szk\u00f3\u0142 nr 1 w Sulej\u00f3wku oraz w Gimnazjum 81 na Bemowie. Na pierwszych treningach uczestniczy\u0142o po&#8230;<br \/><a class=\"read-more-button\" href=\"https:\/\/www.ksw-tae.pl\/?page_id=2101\">Read more<\/a><\/p>\n","protected":false},"author":1,"featured_media":0,"parent":318,"menu_order":1,"comment_status":"closed","ping_status":"closed","template":"","meta":{"om_disable_all_campaigns":false,"_monsterinsights_skip_tracking":false,"_monsterinsights_sitenote_active":false,"_monsterinsights_sitenote_note":"","_monsterinsights_sitenote_category":0,"footnotes":""},"class_list":["post-2101","page","type-page","status-publish","hentry"],"aioseo_notices":[],"_links":{"self":[{"href":"https:\/\/www.ksw-tae.pl\/index.php?rest_route=\/wp\/v2\/pages\/2101","targetHints":{"allow":["GET"]}}],"collection":[{"href":"https:\/\/www.ksw-tae.pl\/index.php?rest_route=\/wp\/v2\/pages"}],"about":[{"href":"https:\/\/www.ksw-tae.pl\/index.php?rest_route=\/wp\/v2\/types\/page"}],"author":[{"embeddable":true,"href":"https:\/\/www.ksw-tae.pl\/index.php?rest_route=\/wp\/v2\/users\/1"}],"replies":[{"embeddable":true,"href":"https:\/\/www.ksw-tae.pl\/index.php?rest_route=%2Fwp%2Fv2%2Fcomments&post=2101"}],"version-history":[{"count":4,"href":"https:\/\/www.ksw-tae.pl\/index.php?rest_route=\/wp\/v2\/pages\/2101\/revisions"}],"predecessor-version":[{"id":2610,"href":"https:\/\/www.ksw-tae.pl\/index.php?rest_route=\/wp\/v2\/pages\/2101\/revisions\/2610"}],"up":[{"embeddable":true,"href":"https:\/\/www.ksw-tae.pl\/index.php?rest_route=\/wp\/v2\/pages\/318"}],"wp:attachment":[{"href":"https:\/\/www.ksw-tae.pl\/index.php?rest_route=%2Fwp%2Fv2%2Fmedia&parent=2101"}],"curies":[{"name":"wp","href":"https:\/\/api.w.org\/{rel}","templated":true}]}}